hen 33 is divided by 12/16 + (-69)/(-4).
15
Suppose 5*n + 20 = 5*f, 5*f - n = -0*f + 40. Suppose 0 = 3*p - 43 - 8. What is the remainder when p is divided by f?
8
Let z(l) = -l**3 - 9*l**2 - 15*l. Calculate the remainder when z(-8) is divided by 12.
8
Let r = 31 - 18. What is the remainder when 73 is divided by r?
8
Let x(l) = -13*l. Suppose d + 16 = -3*z, z + 2*z + 18 = -3*d. What is the remainder when 25 is divided by x(d)?
12
Suppose r - 61 = 55. Suppose 5*x - r = -3*w, 3*w + 3*x + 20 = 4*w. Calculate the remainder when w is divided by (-1)/3 + 104/6.
15
Suppose 16 - 78 = 2*t. Let l = t + 72. Calculate the remainder when l is divided by 14.
13
Let c(h) be the third derivative of h**5/60 + h**3/6 - 5*h**2. What is the remainder when 77 is divided by c(-5)?
25
Let k be (6/5)/((-9)/(-60)). What is the remainder when 67 is divided by ((-46)/4)/((-4)/k)?
21
Let x = 7 - -19. Calculate the remainder when x is divided by 9.
8
What is the remainder when 2/(-14) - 1024/(-14) is divided by 15?
13
Let t = -50 + 80. Let x = -23 + 34. Calculate the remainder when t is divided by x.
8
Suppose y - k - 2 = 22, 100 = 5*y - k. Calculate the remainder when 72 is divided by y.
15
Let d(r) = r + 7. Let y be d(-5). Suppose -y*k = -4*k + 12. What is the remainder when 10 is divided by ((-16)/k)/(4/(-6))?
2
Suppose 0 = 4*o + 3*i - 15, o + 3*i - 9 = -2*o. What is the remainder when (-1)/((-1)/(-3)) - -9 is divided by (-40)/(-12) - (-4)/o?
2
Let c = 38 - 20. Suppose 2*j = -j + c. What is the remainder when 17 is divided by j?
5
Suppose -4*a - 4*y + 12 = 0, -5*a + 2*y - 7 + 43 = 0. Let p be 2*-1*(-58)/4. Let f = -12 + p. What is the remainder when f is divided by a?
5
What is the remainder when 123 is divided by ((-42)/(-9))/(20/90)?
18
Suppose -21 = -2*f + 59. Let o = 0 + 14. Calculate the remainder when f is divided by o.
12
Let c be (-9)/(-12) + 114/8. Suppose -5*q - 37 = -4*n, 4*q = 5*n - 3*n - 14. Calculate the remainder when -1*c*40/(-25) is divided by n.
11
Let w(z) = -z**2 + 10*z - 11. Let u be w(8). Suppose 10*k = u*k + 75. Calculate the remainder when k is divided by 9.
6
Let f = 2533 - 1359. What is the remainder when 20/(-90) - f/(-18) is divided by 22?
21
Suppose -4*u - 56 = -200. Let k(a) = 5*a**2 - 20*a + 39. What is the remainder when u is divided by k(2)?
17
Let c(m) = 4*m - 1. Let o = 30 - 22. What is the remainder when c(6) is divided by o?
7
Let n(f) be the first derivative of f**3/3 - 3*f**2/2 - 3*f + 2. Let l be n(4). Let h = 22 + l. Calculate the remainder when h is divided by 8.
7
Let s(h) = 7*h + 3. Let k(t) = -13*t - 7. Let p(f) = -6*k(f) - 11*s(f). Let d be p(-7). What is the remainder when (1 - (d - -33))*-1 is divided by 12?
10
Suppose 4*d = 16, -5*j + 5*d + 19 + 6 = 0. Suppose -4*k + k = -j. Calculate the remainder when 8 is divided by k.
2
Let v(i) = i**2 - 2*i + 3. Calculate the remainder when 17 is divided by v(3).
5
Suppose -49 = -3*m + 44. Suppose -2*w = 11 - m. What is the remainder when w is divided by 6?
4
Let r = 2 + 0. Calculate the remainder when 202/22 - (-18)/(-99) is divided by r.
1
Let h(p) = p - 1. What is the remainder when 22 is divided by h(5)?
2
Let o(v) = 2*v. What is the remainder when 1/(-2)*232/(-4) is divided by o(4)?
5
Let q = 192 + -126. What is the remainder when q is divided by 23?
20
Let l(d) = d**3 + 9*d**2 - 4*d + 4. Let p be l(-8). Let q = -69 + p. Calculate the remainder when q is divided by 16.
15
Suppose v - 5 = -4*r + 11, r = 3*v + 4. Calculate the remainder when 14 is divided by r.
2
Suppose 492 = 2*q + 5*k, -7*k + 724 = 3*q - 3*k. Calculate the remainder when q is divided by 60.
56
Let p(l) = -l**2 + 15*l + 10. What is the remainder when 18 - (1 + -1 + 0) is divided by p(15)?
8
Suppose -2*u = -3*u - 4*x + 20, -114 = -4*u + x. Let w = 61 - u. Calculate the remainder when w is divided by 17.
16
Let h(q) = 2*q**2 + 7*q. What is the remainder when h(-5) is divided by 4?
3
Suppose -2*t = -4*f + 31 + 33, 3*f - 5*t = 55. Calculate the remainder when 115 is divided by f.
10
Let f(y) = -13*y + 45. Suppose -4*r - 21 + 153 = 0. Calculate the remainder when f(-4) is divided by r.
31
Let b = -93 + 130. Let z = 4 + 52. Suppose 0 = -4*x - 5*m + z, 4*x - 2*m - 137 = -53. What is the remainder when b is divided by x?
18
Let u(j) = -j**2 + 6*j - 2. Let b be -3 + 3*(-1)/(-3). What is the remainder when u(4) is divided by (2/3)/(b/(-12))?
2
What is the remainder when (1/(1/4))/(60/2610) is divided by 44?
42
Suppose 3*s - 53 = 40. What is the remainder when 73 is divided by s?
11
Let t(h) = 2*h**2 + 6*h - 5. Let z be t(3). Suppose -19 - z = -2*s. Calculate the remainder when s is divided by 7.
4
Suppose -2*z = 4*p, 2*p = p - 3*z - 10. Suppose -p*g = -3*w + 36, 7*w - 3*w - g = 43. What is the remainder when 18 is divided by w?
8
Suppose 9 = 2*c - 5*u - 7, 4*u = c - 11. Suppose 2*x = -2, -2*a + 7*a - c*x = 23. Calculate the remainder when 6 is divided by a.
2
Suppose n + 554 = 3*n. Suppose 0 = -5*b + n - 117. Let s = -22 + b. Calculate the remainder when 28 is divided by s.
8
Suppose 3*k + 5*m = 44, 2*m - 44 = -5*k + 4. What is the remainder when 38 is divided by k?
6
Let s = 14 - 5. Calculate the remainder when ((-7)/(-28))/((-2)/(-200)) is divided by s.
7
Let n = 18 - 11. What is the remainder when 41 is divided by n?
6
Let u be 19/7 - 4/(-14). Suppose -u*v + v = -10. Suppose -5 = -5*y + 10. Calculate the remainder when v is divided by y.
2
What is the remainder when ((-3)/(-2))/((-6)/(-64)) is divided by 9?
7
Let h = -75 + 82. What is the remainder when 34 is divided by h?
6
Suppose 10*o - 247 = -147. Suppose -4*w - 5*c + 104 = 0, 5*c + 7 - 33 = -w. What is the remainder when w is divided by o?
6
Let g(i) = 17*i**2 + 11*i - 25. Let z(n) = -4*n**2 - 3*n + 6. Let o(y) = -2*g(y) - 9*z(y). What is the remainder when o(-6) is divided by 13?
12
Suppose 2*d + 6 = -8. Let b = 10 - d. Calculate the remainder when 32 is divided by b.
15
Let i(z) be the second derivative of z**5/20 + 7*z**4/12 + z**3/2 - 5*z**2/2 - 5*z. Calculate the remainder when 24 is divided by i(-6).
11
Let b(v) = 8*v - 8. Calculate the remainder when 46 is divided by b(3).
14
Let c(q) = q**2 + 2*q - 22. Let z(l) = 7*l**2 + 2*l - 1. What is the remainder when c(5) is divided by z(1)?
5
Suppose -60 = -3*d + 30. What is the remainder when 88 is divided by d?
28
Let j(s) = -s**3 + 10*s**2 + 12*s - 7. Suppose 1 = 4*i - 11, -2*i + 16 = l. Calculate the remainder when l is divided by j(11).
2
Let b(k) = 7*k + 2*k**2 - 3 - 3*k**2 - k + 0*k. Calculate the remainder when b(5) is divided by 1.
0
Let r = 216 + -149. What is the remainder when r is divided by 17?
16
Let a = -15 + 14. What is the remainder when 100 is divided by (5 - a - 3) + 31?
32
Suppose -o - 4*b + 25 = -0*o, 0 = 4*o + 5*b - 111. What is the remainder when o is divided by 10?
9
Let w be (-2)/6 + (-392)/(-6). Suppose w = m - 5*l, m = -4*l - 13 + 33. Calculate the remainder when m is divided by 21.
19
Suppose 5*a = -3*c - 0*c - 51, 0 = -5*a - 2*c - 49. Let v = a + 20. Calculate the remainder when 43 is divided by v.
10
Suppose 2*d - 4*l = 132, 4*l - 158 = -0*d - 3*d. What is the remainder when d is divided by 21?
16
Suppose -i = 4*o - 36, 2*i - 7 = 2*o - 15. Suppose b - 13 = 4*a, 26 = 2*b - 2*a - a. Calculate the remainder when b is divided by o.
5
Let y = 8 + 7. Let w = -7 - -7. Suppose w*d = -d + y. Calculate the remainder when 43 is divided by d.
13
Let j = -33 - -12. Let x = -14 - j. Calculate the remainder when x is divided by (0 + 3/(-2))*-2.
1
Let t(l) = l - 13. Let s be t(6). What is the remainder when (s/14)/(2/(-120)) is divided by 16?
14
Let u = 69 - 40. Let g(m) = 2*m**3 + 15*m**2 + 17*m + 2. What is the remainder when u is divided by g(-6)?
5
Let t(c) = -c - 4. Let h be t(-5). Let x be (-11 + 5)/(h - 3). Suppose 4*d - 13 = -5*o, -6*d + 5*o + x = -2*d. Calculate the remainder when 4 is divided by d.
0
Suppose -7 = 4*j - 191. What is the remainder when j is divided by ((-108)/(-60) + -1*3)*-10?
10
Suppose 100 + 236 = 4*b. Suppose b = 2*r + 2*r. What is the remainder when 62 is divided by r?
20
Let p be 2/((-8)/6 + 2). Let v = -34 - -62. Suppose -a = -p*a + v. What is the remainder when a is divided by 5?
4
Suppose 53*a - 57*a = -32. Calculate the remainder when a is divided by 2.
0
Let s 